{"version":"1.0","provider_name":"Lifehack","provider_url":"https:\/\/lifehack.cafeblog.hu","author_name":"Carlo Grocceni","author_url":"https:\/\/lifehack.cafeblog.hu\/author\/carlo_grocceni\/","title":"Toportorta (liszt n\u00e9lk\u00fcli di\u00f3s csokitorta)","html":"<p><img class=\"alignnone size-medium wp-image-435\" src=\"https:\/\/lifehack.cafeblog.hu\/files\/2017\/05\/toportorta-300x241.jpg\" alt=\"\" width=\"300\" height=\"241\" \/><\/p>\r\n<p>R\u00e9gi csal\u00e1di receptet teszek most k\u00f6zz\u00e9, mely liszt n\u00e9lk\u00fcl k\u00e9sz\u00fcl. Ide\u00e1lis m\u00f3don haszn\u00e1ljuk benne a toj\u00e1s feh\u00e9rj\u00e9t \u00e9s s\u00e1rg\u00e1j\u00e1t. A t\u00e9szt\u00e1ja a hagyom\u00e1nyos lisztes megold\u00e1s helyett toj\u00e1sfeh\u00e9rje felvert habja, melybe dar\u00e1lt di\u00f3t kever\u00fcnk.\u00a0<\/p>\r\n<p>\u00c9s m\u00e9g tartozom a bizarr n\u00e9v magyar\u00e1zat\u00e1val. Anyuk\u00e1m \u00f6ssze\u00e1ll\u00edtotta \u00e9s nemsok\u00e1ra t\u00e1lalta is. Persze kem\u00e9ny volt, mint a k\u0151 - ugyanis egy napot kell \u00e1llni hagyni, hogy puhuljon. A nagypapa l\u00e1tv\u00e1n a nehezen szeletelhet\u0151 tort\u00e1t, megsz\u00f3lalt: - Toprot ne hozzak? (a topor egy szekerce szer\u0171 baltaf\u00e9le).<\/p>\r\n<p>&nbsp;<\/p>\r\n<p>Hozz\u00e1val\u00f3k:<\/p>\r\n<p>10 toj\u00e1s,<\/p>\r\n<p>30 dkg porcukor,<\/p>\r\n<p>30 dkg dar\u00e1lt di\u00f3,<\/p>\r\n<p>2 kan\u00e1l cukor,<\/p>\r\n<p>2 kan\u00e1l kaka\u00f3,<\/p>\r\n<p>30 dkg vaj.<\/p>\r\n<p>&nbsp;<\/p>\r\n<p>Elk\u00e9sz\u00edt\u00e9se:<\/p>\r\n<ol>\r\n<li>A toj\u00e1sok feh\u00e9rj\u00e9t a porcukorral habb\u00e1 verem \u00e9s belekeverem a di\u00f3t.<\/li>\r\n<li>Egy kizs\u00edrozott, lisztezett g\u00e1ztepsibe ter\u00edtem \u00e9s 170 fokon 15-20 percig s\u00fct\u00f6m.<br \/>8 s\u00e1rg\u00e1j\u00e1t, 2 kan\u00e1l cukrot, a kaka\u00f3t \u00e9s 2 kan\u00e1l vizet g\u0151z felett felforralok, leh\u0171t\u00f6m \u00e9s 30 dkg vajat keverek el benne j\u00f3 habosra.<\/li>\r\n<li>A lapb\u00f3l 4 hossz\u00fak\u00e1s lapot v\u00e1gok, megt\u00f6lt\u00f6m a kr\u00e9mmel, majd a marad\u00e9kkal bevonom.<\/li>\r\n<\/ol>\r\n<p>&nbsp;<\/p>\r\n<p>Megjegyz\u00e9sek:<\/p>\r\n<ol>\r\n<li>T\u00e1lal\u00e1s el\u0151tt v\u00e1rni kell egy napot, hogy puhuljon.<\/li>\r\n<li>Nagyon finom, de meglehet\u0151sen t\u00f6m\u00e9ny.<\/li>\r\n<\/ol>\r\n<p>&nbsp;<\/p>\r\n<p>Ha tetszett a recept, akkor l\u00e1togass el Grocceni receptoldal\u00e1ra is:\u00a0 <a href=\"http:\/\/www.grocceni.com\">http:\/\/www.grocceni.com<\/a><\/p>","type":"rich","thumbnail_url":"https:\/\/lifehack.cafeblog.hu\/files\/2017\/05\/toportorta-150x150.jpg","thumbnail_width":150,"thumbnail_height":150}

Toportorta (liszt nélküli diós csokitorta)

<p><img class="alignnone size-medium wp-image-435" src="https://lifehack.cafeblog.hu/files/2017/05/toportorta-300x241.jpg" alt="" width="300" height="241" /></p>
<p>Régi családi receptet teszek most közzé, mely liszt nélkül készül. Ideális módon használjuk benne a tojás fehérjét és sárgáját. A tésztája a hagyományos lisztes megoldás helyett tojásfehérje felvert habja, melybe darált diót keverünk. </p>
<p>És még tartozom a bizarr név magyarázatával. Anyukám összeállította és nemsokára tálalta is. Persze kemény volt, mint a kő - ugyanis egy napot kell állni hagyni, hogy puhuljon. A nagypapa látván a nehezen szeletelhető tortát, megszólalt: - Toprot ne hozzak? (a topor egy szekerce szerű baltaféle).</p>
<p>&nbsp;</p>
<p>Hozzávalók:</p>
<p>10 tojás,</p>
<p>30 dkg porcukor,</p>
<p>30 dkg darált dió,</p>
<p>2 kanál cukor,</p>
<p>2 kanál kakaó,</p>
<p>30 dkg vaj.</p>
<p>&nbsp;</p>
<p>Elkészítése:</p>
<ol>
<li>A tojások fehérjét a porcukorral habbá verem és belekeverem a diót.</li>
<li>Egy kizsírozott, lisztezett gáztepsibe terítem és 170 fokon 15-20 percig sütöm.<br />8 sárgáját, 2 kanál cukrot, a kakaót és 2 kanál vizet gőz felett felforralok, lehűtöm és 30 dkg vajat keverek el benne jó habosra.</li>
<li>A lapból 4 hosszúkás lapot vágok, megtöltöm a krémmel, majd a maradékkal bevonom.</li>
</ol>
<p>&nbsp;</p>
<p>Megjegyzések:</p>
<ol>
<li>Tálalás előtt várni kell egy napot, hogy puhuljon.</li>
<li>Nagyon finom, de meglehetősen tömény.</li>
</ol>
<p>&nbsp;</p>
<p>Ha tetszett a recept, akkor látogass el Grocceni receptoldalára is:  <a href="http://www.grocceni.com">http://www.grocceni.com</a></p>
